[INFO] fetching crate lofty 0.13.0...
[INFO] checking lofty-0.13.0 against master#e6e4f7ed1589e03bc2f6c5931c1a72e7947e8682 for beta-170-4
[INFO] extracting crate lofty 0.13.0 into /workspace/builds/worker-6-tc2/source
[INFO] validating manifest of crates.io crate lofty 0.13.0 on toolchain e6e4f7ed1589e03bc2f6c5931c1a72e7947e8682
[INFO] running `Command { std: CARGO_HOME="/workspace/cargo-home" RUSTUP_HOME="/workspace/rustup-home" "/workspace/cargo-home/bin/cargo" "+e6e4f7ed1589e03bc2f6c5931c1a72e7947e8682" "metadata" "--manifest-path" "Cargo.toml" "--no-deps", kill_on_drop: false }`
[INFO] started tweaking crates.io crate lofty 0.13.0
[INFO] removed 1 missing examples
[INFO] finished tweaking crates.io crate lofty 0.13.0
[INFO] tweaked toml for crates.io crate lofty 0.13.0 written to /workspace/builds/worker-6-tc2/source/Cargo.toml
[INFO] crate crates.io crate lofty 0.13.0 already has a lockfile, it will not be regenerated
[INFO] running `Command { std: CARGO_HOME="/workspace/cargo-home" RUSTUP_HOME="/workspace/rustup-home" "/workspace/cargo-home/bin/cargo" "+e6e4f7ed1589e03bc2f6c5931c1a72e7947e8682" "fetch" "--manifest-path" "Cargo.toml", kill_on_drop: false }`
[INFO] running `Command { std: "docker" "create" "-v" "/var/lib/crater-agent-workspace/builds/worker-6-tc2/target:/opt/rustwide/target:rw,Z" "-v" "/var/lib/crater-agent-workspace/builds/worker-6-tc2/source:/opt/rustwide/workdir:ro,Z" "-v" "/var/lib/crater-agent-workspace/cargo-home:/opt/rustwide/cargo-home:ro,Z" "-v" "/var/lib/crater-agent-workspace/rustup-home:/opt/rustwide/rustup-home:ro,Z" "-e" "SOURCE_DIR=/opt/rustwide/workdir" "-e" "CARGO_TARGET_DIR=/opt/rustwide/target" "-e" "CARGO_HOME=/opt/rustwide/cargo-home" "-e" "RUSTUP_HOME=/opt/rustwide/rustup-home" "-w" "/opt/rustwide/workdir" "-m" "1610612736" "--user" "0:0" "--network" "none" "ghcr.io/rust-lang/crates-build-env/linux@sha256:19e73879b68f455e41552ea35293514db52ea292d993f571636dbffedb77a1ee" "/opt/rustwide/cargo-home/bin/cargo" "+e6e4f7ed1589e03bc2f6c5931c1a72e7947e8682" "metadata" "--no-deps" "--format-version=1", kill_on_drop: false }`
[INFO] [stdout] 01391a858bf773530f1d4f4ec29b627a33f37711106c2b85f2485e805c0a6760
[INFO] running `Command { std: "docker" "start" "-a" "01391a858bf773530f1d4f4ec29b627a33f37711106c2b85f2485e805c0a6760", kill_on_drop: false }`
[INFO] running `Command { std: "docker" "inspect" "01391a858bf773530f1d4f4ec29b627a33f37711106c2b85f2485e805c0a6760", kill_on_drop: false }`
[INFO] running `Command { std: "docker" "rm" "-f" "01391a858bf773530f1d4f4ec29b627a33f37711106c2b85f2485e805c0a6760", kill_on_drop: false }`
[INFO] [stdout] 01391a858bf773530f1d4f4ec29b627a33f37711106c2b85f2485e805c0a6760
[INFO] running `Command { std: "docker" "create" "-v" "/var/lib/crater-agent-workspace/builds/worker-6-tc2/target:/opt/rustwide/target:rw,Z" "-v" "/var/lib/crater-agent-workspace/builds/worker-6-tc2/source:/opt/rustwide/workdir:ro,Z" "-v" "/var/lib/crater-agent-workspace/cargo-home:/opt/rustwide/cargo-home:ro,Z" "-v" "/var/lib/crater-agent-workspace/rustup-home:/opt/rustwide/rustup-home:ro,Z" "-e" "SOURCE_DIR=/opt/rustwide/workdir" "-e" "CARGO_TARGET_DIR=/opt/rustwide/target" "-e" "CARGO_INCREMENTAL=0" "-e" "RUST_BACKTRACE=full" "-e" "RUSTFLAGS=--cap-lints=forbid" "-e" "RUSTDOCFLAGS=--cap-lints=forbid" "-e" "CARGO_HOME=/opt/rustwide/cargo-home" "-e" "RUSTUP_HOME=/opt/rustwide/rustup-home" "-w" "/opt/rustwide/workdir" "-m" "1610612736" "--user" "0:0" "--network" "none" "ghcr.io/rust-lang/crates-build-env/linux@sha256:19e73879b68f455e41552ea35293514db52ea292d993f571636dbffedb77a1ee" "/opt/rustwide/cargo-home/bin/cargo" "+e6e4f7ed1589e03bc2f6c5931c1a72e7947e8682" "check" "--frozen" "--all" "--all-targets" "--message-format=json", kill_on_drop: false }`
[INFO] [stdout] f54c12b638080f5f915d9c4e0ecfb8b42efb102567dfa8566171cf60b1a2398f
[INFO] running `Command { std: "docker" "start" "-a" "f54c12b638080f5f915d9c4e0ecfb8b42efb102567dfa8566171cf60b1a2398f", kill_on_drop: false }`
[INFO] [stderr]    Compiling proc-macro2 v1.0.56
[INFO] [stderr]    Compiling syn v1.0.109
[INFO] [stderr]    Compiling libc v0.2.144
[INFO] [stderr]    Compiling io-lifetimes v1.0.10
[INFO] [stderr]    Compiling unicode-segmentation v1.10.1
[INFO] [stderr]    Compiling rustix v0.37.19
[INFO] [stderr]     Checking miniz_oxide v0.7.1
[INFO] [stderr]     Checking linux-raw-sys v0.3.7
[INFO] [stderr]     Checking fastrand v1.9.0
[INFO] [stderr]     Checking ogg_pager v0.5.0
[INFO] [stderr]    Compiling heck v0.3.3
[INFO] [stderr]     Checking flate2 v1.0.26
[INFO] [stderr]    Compiling quote v1.0.26
[INFO] [stderr]    Compiling syn v2.0.15
[INFO] [stderr]    Compiling proc-macro-error-attr v1.0.4
[INFO] [stderr]     Checking tempfile v3.5.0
[INFO] [stderr]    Compiling proc-macro-error v1.0.4
[INFO] [stderr]    Compiling lofty_attr v0.7.0
[INFO] [stderr]    Compiling structopt-derive v0.4.18
[INFO] [stderr]     Checking lofty v0.13.0 (/opt/rustwide/workdir)
[INFO] [stderr]     Checking structopt v0.3.26
[INFO] [stdout] error: couldn't read benches/../tests/files/assets/minimal/full_test.aac: No such file or directory (os error 2)
[INFO] [stdout]   --> benches/read_file.rs:12:25
[INFO] [stdout]    |
[INFO] [stdout] 12 |               const $NAME: &[u8] = include_bytes!($path);
[INFO] [stdout]    |                                    ^^^^^^^^^^^^^^^^^^^^^
[INFO] [stdout] ...
[INFO] [stdout] 30 | /     test_read_file!(
[INFO] [stdout] 31 | |         c,
[INFO] [stdout] 32 | |         [
[INFO] [stdout] 33 | |             (AAC, "../tests/files/assets/minimal/full_test.aac"),
[INFO] [stdout] ...  |
[INFO] [stdout] 44 | |         ]
[INFO] [stdout] 45 | |     );
[INFO] [stdout]    | |_____- in this macro invocation
[INFO] [stdout]    |
[INFO] [stdout]    = note: this error originates in the macro `include_bytes` which comes from the expansion of the macro `test_read_file` (in Nightly builds, run with -Z macro-backtrace for more info)
[INFO] [stdout] 
[INFO] [stdout] 
[INFO] [stdout] error: couldn't read benches/../tests/files/assets/minimal/full_test.aiff: No such file or directory (os error 2)
[INFO] [stdout]   --> benches/read_file.rs:12:25
[INFO] [stdout]    |
[INFO] [stdout] 12 |               const $NAME: &[u8] = include_bytes!($path);
[INFO] [stdout]    |                                    ^^^^^^^^^^^^^^^^^^^^^
[INFO] [stdout] ...
[INFO] [stdout] 30 | /     test_read_file!(
[INFO] [stdout] 31 | |         c,
[INFO] [stdout] 32 | |         [
[INFO] [stdout] 33 | |             (AAC, "../tests/files/assets/minimal/full_test.aac"),
[INFO] [stdout] ...  |
[INFO] [stdout] 44 | |         ]
[INFO] [stdout] 45 | |     );
[INFO] [stdout]    | |_____- in this macro invocation
[INFO] [stdout]    |
[INFO] [stdout]    = note: this error originates in the macro `include_bytes` which comes from the expansion of the macro `test_read_file` (in Nightly builds, run with -Z macro-backtrace for more info)
[INFO] [stdout] 
[INFO] [stdout] 
[INFO] [stdout] error: couldn't read benches/../tests/files/assets/minimal/full_test.ape: No such file or directory (os error 2)
[INFO] [stdout]   --> benches/read_file.rs:12:25
[INFO] [stdout]    |
[INFO] [stdout] 12 |               const $NAME: &[u8] = include_bytes!($path);
[INFO] [stdout]    |                                    ^^^^^^^^^^^^^^^^^^^^^
[INFO] [stdout] ...
[INFO] [stdout] 30 | /     test_read_file!(
[INFO] [stdout] 31 | |         c,
[INFO] [stdout] 32 | |         [
[INFO] [stdout] 33 | |             (AAC, "../tests/files/assets/minimal/full_test.aac"),
[INFO] [stdout] ...  |
[INFO] [stdout] 44 | |         ]
[INFO] [stdout] 45 | |     );
[INFO] [stdout]    | |_____- in this macro invocation
[INFO] [stdout]    |
[INFO] [stdout]    = note: this error originates in the macro `include_bytes` which comes from the expansion of the macro `test_read_file` (in Nightly builds, run with -Z macro-backtrace for more info)
[INFO] [stdout] 
[INFO] [stdout] 
[INFO] [stdout] error: couldn't read benches/../tests/files/assets/minimal/full_test.flac: No such file or directory (os error 2)
[INFO] [stdout]   --> benches/read_file.rs:12:25
[INFO] [stdout]    |
[INFO] [stdout] 12 |               const $NAME: &[u8] = include_bytes!($path);
[INFO] [stdout]    |                                    ^^^^^^^^^^^^^^^^^^^^^
[INFO] [stdout] ...
[INFO] [stdout] 30 | /     test_read_file!(
[INFO] [stdout] 31 | |         c,
[INFO] [stdout] 32 | |         [
[INFO] [stdout] 33 | |             (AAC, "../tests/files/assets/minimal/full_test.aac"),
[INFO] [stdout] ...  |
[INFO] [stdout] 44 | |         ]
[INFO] [stdout] 45 | |     );
[INFO] [stdout]    | |_____- in this macro invocation
[INFO] [stdout]    |
[INFO] [stdout]    = note: this error originates in the macro `include_bytes` which comes from the expansion of the macro `test_read_file` (in Nightly builds, run with -Z macro-backtrace for more info)
[INFO] [stdout] 
[INFO] [stdout] 
[INFO] [stdout] error: couldn't read benches/../tests/files/assets/minimal/m4a_codec_aac.m4a: No such file or directory (os error 2)
[INFO] [stdout]   --> benches/read_file.rs:12:25
[INFO] [stdout]    |
[INFO] [stdout] 12 |               const $NAME: &[u8] = include_bytes!($path);
[INFO] [stdout]    |                                    ^^^^^^^^^^^^^^^^^^^^^
[INFO] [stdout] ...
[INFO] [stdout] 30 | /     test_read_file!(
[INFO] [stdout] 31 | |         c,
[INFO] [stdout] 32 | |         [
[INFO] [stdout] 33 | |             (AAC, "../tests/files/assets/minimal/full_test.aac"),
[INFO] [stdout] ...  |
[INFO] [stdout] 44 | |         ]
[INFO] [stdout] 45 | |     );
[INFO] [stdout]    | |_____- in this macro invocation
[INFO] [stdout]    |
[INFO] [stdout]    = note: this error originates in the macro `include_bytes` which comes from the expansion of the macro `test_read_file` (in Nightly builds, run with -Z macro-backtrace for more info)
[INFO] [stdout] 
[INFO] [stdout] 
[INFO] [stdout] error: couldn't read benches/../tests/files/assets/minimal/full_test.mp3: No such file or directory (os error 2)
[INFO] [stdout]   --> benches/read_file.rs:12:25
[INFO] [stdout]    |
[INFO] [stdout] 12 |               const $NAME: &[u8] = include_bytes!($path);
[INFO] [stdout]    |                                    ^^^^^^^^^^^^^^^^^^^^^
[INFO] [stdout] ...
[INFO] [stdout] 30 | /     test_read_file!(
[INFO] [stdout] 31 | |         c,
[INFO] [stdout] 32 | |         [
[INFO] [stdout] 33 | |             (AAC, "../tests/files/assets/minimal/full_test.aac"),
[INFO] [stdout] ...  |
[INFO] [stdout] 44 | |         ]
[INFO] [stdout] 45 | |     );
[INFO] [stdout]    | |_____- in this macro invocation
[INFO] [stdout]    |
[INFO] [stdout]    = note: this error originates in the macro `include_bytes` which comes from the expansion of the macro `test_read_file` (in Nightly builds, run with -Z macro-backtrace for more info)
[INFO] [stdout] 
[INFO] [stdout] 
[INFO] [stdout] error: couldn't read benches/../tests/files/assets/minimal/full_test.opus: No such file or directory (os error 2)
[INFO] [stdout]   --> benches/read_file.rs:12:25
[INFO] [stdout]    |
[INFO] [stdout] 12 |               const $NAME: &[u8] = include_bytes!($path);
[INFO] [stdout]    |                                    ^^^^^^^^^^^^^^^^^^^^^
[INFO] [stdout] ...
[INFO] [stdout] 30 | /     test_read_file!(
[INFO] [stdout] 31 | |         c,
[INFO] [stdout] 32 | |         [
[INFO] [stdout] 33 | |             (AAC, "../tests/files/assets/minimal/full_test.aac"),
[INFO] [stdout] ...  |
[INFO] [stdout] 44 | |         ]
[INFO] [stdout] 45 | |     );
[INFO] [stdout]    | |_____- in this macro invocation
[INFO] [stdout]    |
[INFO] [stdout]    = note: this error originates in the macro `include_bytes` which comes from the expansion of the macro `test_read_file` (in Nightly builds, run with -Z macro-backtrace for more info)
[INFO] [stdout] 
[INFO] [stdout] 
[INFO] [stdout] error: couldn't read benches/../tests/files/assets/minimal/wav_format_pcm.wav: No such file or directory (os error 2)
[INFO] [stdout]   --> benches/read_file.rs:12:25
[INFO] [stdout]    |
[INFO] [stdout] 12 |               const $NAME: &[u8] = include_bytes!($path);
[INFO] [stdout]    |                                    ^^^^^^^^^^^^^^^^^^^^^
[INFO] [stdout] ...
[INFO] [stdout] 30 | /     test_read_file!(
[INFO] [stdout] 31 | |         c,
[INFO] [stdout] 32 | |         [
[INFO] [stdout] 33 | |             (AAC, "../tests/files/assets/minimal/full_test.aac"),
[INFO] [stdout] ...  |
[INFO] [stdout] 44 | |         ]
[INFO] [stdout] 45 | |     );
[INFO] [stdout]    | |_____- in this macro invocation
[INFO] [stdout]    |
[INFO] [stdout]    = note: this error originates in the macro `include_bytes` which comes from the expansion of the macro `test_read_file` (in Nightly builds, run with -Z macro-backtrace for more info)
[INFO] [stdout] 
[INFO] [stdout] 
[INFO] [stdout] error: couldn't read benches/../tests/files/assets/minimal/full_test.spx: No such file or directory (os error 2)
[INFO] [stdout]   --> benches/read_file.rs:12:25
[INFO] [stdout]    |
[INFO] [stdout] 12 |               const $NAME: &[u8] = include_bytes!($path);
[INFO] [stdout]    |                                    ^^^^^^^^^^^^^^^^^^^^^
[INFO] [stdout] ...
[INFO] [stdout] 30 | /     test_read_file!(
[INFO] [stdout] 31 | |         c,
[INFO] [stdout] 32 | |         [
[INFO] [stdout] 33 | |             (AAC, "../tests/files/assets/minimal/full_test.aac"),
[INFO] [stdout] ...  |
[INFO] [stdout] 44 | |         ]
[INFO] [stdout] 45 | |     );
[INFO] [stdout]    | |_____- in this macro invocation
[INFO] [stdout]    |
[INFO] [stdout]    = note: this error originates in the macro `include_bytes` which comes from the expansion of the macro `test_read_file` (in Nightly builds, run with -Z macro-backtrace for more info)
[INFO] [stdout] 
[INFO] [stdout] 
[INFO] [stdout] error: couldn't read benches/../tests/files/assets/minimal/full_test.ogg: No such file or directory (os error 2)
[INFO] [stdout]   --> benches/read_file.rs:12:25
[INFO] [stdout]    |
[INFO] [stdout] 12 |               const $NAME: &[u8] = include_bytes!($path);
[INFO] [stdout]    |                                    ^^^^^^^^^^^^^^^^^^^^^
[INFO] [stdout] ...
[INFO] [stdout] 30 | /     test_read_file!(
[INFO] [stdout] 31 | |         c,
[INFO] [stdout] 32 | |         [
[INFO] [stdout] 33 | |             (AAC, "../tests/files/assets/minimal/full_test.aac"),
[INFO] [stdout] ...  |
[INFO] [stdout] 44 | |         ]
[INFO] [stdout] 45 | |     );
[INFO] [stdout]    | |_____- in this macro invocation
[INFO] [stdout]    |
[INFO] [stdout]    = note: this error originates in the macro `include_bytes` which comes from the expansion of the macro `test_read_file` (in Nightly builds, run with -Z macro-backtrace for more info)
[INFO] [stdout] 
[INFO] [stdout] 
[INFO] [stdout] error: couldn't read benches/../tests/files/assets/minimal/full_test.wv: No such file or directory (os error 2)
[INFO] [stdout]   --> benches/read_file.rs:12:25
[INFO] [stdout]    |
[INFO] [stdout] 12 |               const $NAME: &[u8] = include_bytes!($path);
[INFO] [stdout]    |                                    ^^^^^^^^^^^^^^^^^^^^^
[INFO] [stdout] ...
[INFO] [stdout] 30 | /     test_read_file!(
[INFO] [stdout] 31 | |         c,
[INFO] [stdout] 32 | |         [
[INFO] [stdout] 33 | |             (AAC, "../tests/files/assets/minimal/full_test.aac"),
[INFO] [stdout] ...  |
[INFO] [stdout] 44 | |         ]
[INFO] [stdout] 45 | |     );
[INFO] [stdout]    | |_____- in this macro invocation
[INFO] [stdout]    |
[INFO] [stdout]    = note: this error originates in the macro `include_bytes` which comes from the expansion of the macro `test_read_file` (in Nightly builds, run with -Z macro-backtrace for more info)
[INFO] [stdout] 
[INFO] [stdout] 
[INFO] [stdout] error[E0432]: unresolved import `criterion`
[INFO] [stdout]  --> benches/read_file.rs:3:5
[INFO] [stdout]   |
[INFO] [stdout] 3 | use criterion::{criterion_group, criterion_main, Criterion};
[INFO] [stdout]   |     ^^^^^^^^^ use of undeclared crate or module `criterion`
[INFO] [stdout] 
[INFO] [stdout] 
[INFO] [stdout] error: cannot determine resolution for the macro `criterion_group`
[INFO] [stdout]   --> benches/read_file.rs:48:1
[INFO] [stdout]    |
[INFO] [stdout] 48 | criterion_group!(benches, content_infer_read);
[INFO] [stdout]    | ^^^^^^^^^^^^^^^
[INFO] [stdout]    |
[INFO] [stdout]    = note: import resolution is stuck, try simplifying macro imports
[INFO] [stdout] 
[INFO] [stdout] 
[INFO] [stdout] error: cannot determine resolution for the macro `criterion_main`
[INFO] [stdout]   --> benches/read_file.rs:49:1
[INFO] [stdout]    |
[INFO] [stdout] 49 | criterion_main!(benches);
[INFO] [stdout]    | ^^^^^^^^^^^^^^
[INFO] [stdout]    |
[INFO] [stdout]    = note: import resolution is stuck, try simplifying macro imports
[INFO] [stdout] 
[INFO] [stdout] 
[INFO] [stdout] error[E0432]: unresolved import `criterion`
[INFO] [stdout]   --> benches/create_tag.rs:10:5
[INFO] [stdout]    |
[INFO] [stdout] 10 | use criterion::{criterion_group, criterion_main, Criterion};
[INFO] [stdout]    |     ^^^^^^^^^ use of undeclared crate or module `criterion`
[INFO] [stdout] 
[INFO] [stdout] 
[INFO] [stdout] error: cannot determine resolution for the macro `criterion_group`
[INFO] [stdout]   --> benches/create_tag.rs:48:1
[INFO] [stdout]    |
[INFO] [stdout] 48 | criterion_group!(benches, bench_write);
[INFO] [stdout]    | ^^^^^^^^^^^^^^^
[INFO] [stdout]    |
[INFO] [stdout]    = note: import resolution is stuck, try simplifying macro imports
[INFO] [stdout] 
[INFO] [stdout] 
[INFO] [stdout] error: cannot determine resolution for the macro `criterion_main`
[INFO] [stdout]   --> benches/create_tag.rs:49:1
[INFO] [stdout]    |
[INFO] [stdout] 49 | criterion_main!(benches);
[INFO] [stdout]    | ^^^^^^^^^^^^^^
[INFO] [stdout]    |
[INFO] [stdout]    = note: import resolution is stuck, try simplifying macro imports
[INFO] [stdout] 
[INFO] [stdout] 
[INFO] [stdout] error[E0601]: `main` function not found in crate `read_file`
[INFO] [stdout]   --> benches/read_file.rs:49:26
[INFO] [stdout]    |
[INFO] [stdout] 49 | criterion_main!(benches);
[INFO] [stdout]    |                          ^ consider adding a `main` function to `benches/read_file.rs`
[INFO] [stdout] 
[INFO] [stdout] 
[INFO] [stdout] error[E0601]: `main` function not found in crate `create_tag`
[INFO] [stdout]   --> benches/create_tag.rs:49:26
[INFO] [stdout]    |
[INFO] [stdout] 49 | criterion_main!(benches);
[INFO] [stdout]    |                          ^ consider adding a `main` function to `benches/create_tag.rs`
[INFO] [stdout] 
[INFO] [stdout] 
[INFO] [stdout] error: aborting due to 15 previous errors
[INFO] [stdout] 
[INFO] [stdout] 
[INFO] [stdout] Some errors have detailed explanations: E0432, E0601.
[INFO] [stdout] 
[INFO] [stdout] For more information about an error, try `rustc --explain E0432`.
[INFO] [stdout] 
[INFO] [stdout] error: aborting due to 4 previous errors
[INFO] [stdout] 
[INFO] [stdout] 
[INFO] [stdout] Some errors have detailed explanations: E0432, E0601.
[INFO] [stdout] 
[INFO] [stdout] For more information about an error, try `rustc --explain E0432`.
[INFO] [stdout] 
[INFO] [stderr] error: could not compile `lofty` (bench "read_file") due to 16 previous errors
[INFO] [stderr] warning: build failed, waiting for other jobs to finish...
[INFO] [stderr] error: could not compile `lofty` (bench "create_tag") due to 5 previous errors
[INFO] running `Command { std: "docker" "inspect" "f54c12b638080f5f915d9c4e0ecfb8b42efb102567dfa8566171cf60b1a2398f", kill_on_drop: false }`
[INFO] running `Command { std: "docker" "rm" "-f" "f54c12b638080f5f915d9c4e0ecfb8b42efb102567dfa8566171cf60b1a2398f", kill_on_drop: false }`
[INFO] [stdout] f54c12b638080f5f915d9c4e0ecfb8b42efb102567dfa8566171cf60b1a2398f
